8.
0
What is the remainder when 18 is divided by 5?
3
What is the remainder when 57 is divided by 46?
11
What is the remainder when 347 is divided by 112?
11
Calculate the remainder when 1788 is divided by 114.
78
Calculate the remainder when 1469 is divided by 112.
13
Calculate the remainder when 733 is divided by 123.
118
What is the remainder when 1268 is divided by 55?
3
What is the remainder when 151 is divided by 26?
21
Calculate the remainder when 565 is divided by 23.
13
What is the remainder when 359 is divided by 23?
14
What is the remainder when 16 is divided by 4?
0
What is the remainder when 205 is divided by 23?
21
Calculate the remainder when 521 is divided by 58.
57
Calculate the remainder when 51 is divided by 13.
12
Calculate the remainder when 700 is divided by 240.
220
What is the remainder when 183 is divided by 168?
15
What is the remainder when 571 is divided by 7?
4
Calculate the remainder when 31675 is divided by 18.
13
Calculate the remainder when 18 is divided by 14.
4
What is the remainder when 265 is divided by 27?
22
What is the remainder when 139 is divided by 46?
1
What is the remainder when 2900 is divided by 104?
92
Calculate the remainder when 247 is divided by 86.
75
Calculate the remainder when 410 is divided by 72.
50
Calculate the remainder when 340 is divided by 311.
29
What is the remainder when 384 is divided by 5?
4
What is the remainder when 2978 is divided by 198?
8
What is the remainder when 262 is divided by 85?
7
What is the remainder when 429 is divided by 48?
45
What is the remainder when 9341 is divided by 9?
8
Calculate the remainder when 164 is divided by 60.
44
Calculate the remainder when 74 is divided by 16.
10
Calculate the remainder when 27 is divided by 8.
3
What is the remainder when 119 is divided by 6?
5
What is the remainder when 2418 is divided by 132?
42
Calculate the remainder when 1044 is divided by 5.
4
What is the remainder when 1744 is divided by 575?
19
Calculate the remainder when 83 is divided by 33.
17
Calculate the remainder when 3008 is divided by 51.
50
Calculate the remainder when 590 is divided by 217.
156
Calculate the remainder when 1167 is divided by 7.
5
Calculate the remainder when 183 is divided by 37.
35
Calculate the remainder when 320 is divided by 18.
14
What is the remainder when 515 is divided by 24?
11
What is the remainder when 256 is divided by 47?
21
What is the remainder when 7542 is divided by 2510?
12
Calculate the remainder when 7435 is divided by 143.
142
Calculate the remainder when 819 is divided by 51.
3
What is the remainder when 559 is divided by 313?
246
What is the remainder when 914 is divided by 34?
30
What is the remainder when 580 is divided by 73?
69
What is the remainder when 540 is divided by 34?
30
Calculate the remainder when 694 is divided by 63.
1
What is the remainder when 92 is divided by 35?
22
Calculate the remainder when 558 is divided by 64.
46
What is the remainder when 2465 is divided by 275?
265
Calculate the remainder when 2624 is divided by 55.
39
What is the remainder when 403 is divided by 39?
13
What is the remainder when 9992 is divided by 14?
10
Calculate the remainder when 17862 is divided by 17.
12
What is the remainder when 44 is divided by 16?
12
Calculate the remainder when 21525 is divided by 312.
309
Calculate the remainder when 368 is divided by 367.
1
What is the remainder when 1146 is divided by 188?
18
What is the remainder when 135 is divided by 49?
37
Calculate the remainder when 308 is divided by 31.
29
What is the remainder when 78 is divided by 17?
10
Calculate the remainder when 236 is divided by 12.
8
Calculate the remainder when 5145 is divided by 66.
63
What is the remainder when 374 is divided by 116?
26
Calculate the remainder when 136 is divided by 7.
3
What is the remainder when 464 is divided by 3?
2
Calculate the remainder when 264 is divided by 19.
17
Calculate the remainder when 159 is divided by 82.
77
Calculate the remainder when 41 is divided by 11.
8
Calculate the remainder when 471 is divided by 138.
57
Calculate the remainder when 7517 is divided by 1876.
13
What is the remainder when 254 is divided by 52?
46
Calculate the remainder when 161 is divided by 54.
53
Calculate the remainder when 95 is divided by 22.
7
What is the remainder when 683 is divided by 11?
1
What is the remainder when 7130 is divided by 34?
24
Calculate the remainder when 1662 is divided by 206.
14
What is the remainder when 431 is divided by 54?
53
What is the remainder when 549 is divided by 12?
9
Calculate the remainder when 32 is divided by 11.
10
Calculate the remainder when 115 is divided by 20.
15
Calculate the remainder when 94 is divided by 29.
7
What is the remainder when 1541 is divided by 508?
17
Calculate the remainder when 640 is divided by 24.
16
What is the remainder when 155 is divided by 20?
15
Calculate the remainder when 232 is divided by 89.
54
Calculate the remainder when 3076 is divided by 67.
61
What is the remainder when 946 is divided by 12?
10
Calculate the remainder when 436 is divided by 55.
51
What is the remainder when 19516 is divided by 131?
128
What is the remainder when 285 is divided by 233?
52
Calculate the remainder when 666 is divided by 131.
11
Calculate the remainder when 766 is divided by 13.
12
What is the remainder when 453 is divided by 67?
51
What is the remainder when 196 is divided by 17?
9
Calculate the remainder when 4681 is divided by 142.
137
Calculate the remainder when 374 is divided by 63.
59
What is the remainder when 326 is divided by 59?
31
What is the remainder when 35258 is divided by 219?
218
What is the remainder when 83 is divided by 18?
11
Calculate the remainder when 19 is divided by 6.
1
Calculate the remainder when 114 is divided by 8.
2
Calculate the remainder when 64 is divided by 41.
23
Calculate the remainder when 295 is divided by 293.
2
What is the remainder when 77 is divided by 20?
17
What is the remainder when 1172 is divided by 25?
22
Calculate the remainder when 493 is divided by 13.
12
What is the remainder when 250 is divided by 3?
1
Calculate the remainder when 8092 is divided by 19.
17
Calculate the remainder when 11066 is divided by 41.
37
Calculate the remainder when 500 is divided by 41.
8
What is the remainder when 452 is divided by 63?
11
Calculate the remainder when 3329 is divided by 15.
14
Calculate the remainder when 1714 is divided by 26.
24
What is the remainder when 566 is divided by 46?
14
Calculate the remainder when 188 is divided by 6.
2
What is the remainder when 707 is divided by 140?
7
What is the remainder when 134 is divided by 62?
10
What is the remainder when 247 is divided by 50?
47
Calculate the remainder when 53 is divided by 17.
2
What is the remainder when 2711 is divided by 11?
5
What is the remainder when 43 is divided by 17?
9
What is the remainder when 399 is divided by 109?
72
Calculate the remainder when 440 is divided by 137.
29
Calculate the remainder when 498 is divided by 139.
81
What is the remainder when 2546 is divided by 88?
82
What is the remainder when 181 is divided by 37?
33
What is the remainder when 1010 is divided by 13?
9
What is the remainder when 1070 is divided by 344?
38
What is the remainder when 643 is divided by 169?
136
What is the remainder when 579 is divided by 144?
3
Calculate the remainder when 501 is divided by 56.
53
What is the remainder when 162 is divided by 11?
8
Calculate the remainder when 397 is divided by 120.
37
Calculate the remainder when 1166 is divided by 65.
61
Calculate the remainder when 348 is divided by 115.
3
Calculate the remainder when 102 is divided by 71.
31
What is the remainder when 1549 is divided by 74?
69
Calculate the remainder when 413 is divided by 16.
13
What is the remainder when 158 is divided by 20?
18
Calculate the remainder when 35 is divided by 6.
5
What is the remainder when 109 is divided by 49?
11
Calculate the remainder when 284 is divided by 58.
52
Calculate the remainder when 11 is divided by 11.
0
What is the remainder when 300 is divided by 62?
52
What is the remainder when 998 is divided by 58?
12
What is the remainder when 6910 is divided by 18?
16
What is the remainder when 6326 is divided by 7?
5
What is the 